t of m?
3
Suppose 0*w = 4*w - 8. Let z be 26*w/4 - -2. What is the units digit of (-6)/z - 84/(-10)?
8
Let i = 199 + -49. What is the units digit of i?
0
Let x(f) = -6*f - 12. What is the tens digit of x(-13)?
6
Suppose 0*l + 2*l = -48. Let h = l + 67. What is the tens digit of h?
4
Suppose 3*f + v - 3*v = 12, -2*f + 3*v = -8. Suppose -35 = f*z + z. Let r(h) = h**3 + 7*h**2 + 2. What is the units digit of r(z)?
2
Suppose 0 = 5*p + 4*x - 273, -2*p + 102 = 3*x - 5*x. What is the tens digit of p?
5
Let w(j) = -j**3 + 11*j**2 - 10*j - 9. Let d be w(10). Let s(a) = 0*a + 0*a + a + 11. What is the units digit of s(d)?
2
Let t be 1/2 - 5/10. Suppose 2*g + 24 = 2*d, -5*d + g + t*g = -60. What is the units digit of d?
2
Let h(a) = 3*a - 4. What is the units digit of h(4)?
8
Let s(p) be the third derivative of -p**4/24 + p**3/3 + p**2. Let v be s(4). What is the units digit of 80/14 + v/(-7)?
6
Suppose -3*h - 5 = 1. Let c(q) = -2*q**2 + 22*q - 7. Let o(i) = i**2 - 11*i + 3. Let r(p) = h*c(p) - 5*o(p). What is the units digit of r(10)?
9
Let h = 23 + -16. Let r(w) = -w**2 + 5*w + 5. Let x be r(h). Let n = x - -16. What is the units digit of n?
7
Let a(d) = 10*d**2 + d**3 + 1 - 3*d**3 + d**3. Suppose 3*t = -9 + 39. What is the units digit of a(t)?
1
Let m(u) = 2*u - 2. Suppose 0 = c - 2*c - l + 3, 3*c = -l - 1. Let n be m(c). Let p = 19 + n. What is the units digit of p?
3
Suppose -5*i - 40 = -5*c, -4*c + 2*i - 3 = -27. Suppose 0*g + 2*g - 10 = h, -c*h = -g + 5. What is the units digit of g?
5
Suppose 0 = -r - 18 + 90. What is the tens digit of r?
7
Let h be (-1 + 0)/(4/(-28)). Let x be 5*1*(-8)/(-10). Suppose 5*a = x*s + 4, h*a - 40 = 2*a - 5*s. What is the units digit of a?
4
Let a(h) = -5 + 12*h**2 - 19*h**2 - 2 + 7*h - h**3. Let n be a(-8). What is the units digit of n/(0 - (-1)/5)?
5
Let h be -2 + 15/3 - 1. Suppose -3*j + 13 = -h. Suppose 0 = -j*y + 10. What is the units digit of y?
2
Suppose 20 + 37 = 3*p. Suppose -3*o = -9, -d + 6*o = 3*o + p. What is the units digit of ((-8)/(-10))/((-1)/d)?
8
Let i be 14/21 - 106/6. Let p = i + 31. What is the units digit of p?
4
Let u = 3 + -1. Suppose 4*i = -u*v - v + 37, 25 = 2*v + 3*i. What is the tens digit of v?
1
Let p(v) = -4*v**2 + 3*v. Let i be p(2). Let s be (-24)/(-13) - i/65. Suppose -s*u + 7*u - 3*f - 115 = 0, 0 = 3*f + 15. What is the tens digit of u?
2
Let h = -13 + 7. What is the tens digit of 144/(-60)*40/h?
1
Let m(b) be the second derivative of -b**5/20 - b**4/2 - b**3 - 2*b**2 - 5*b. What is the units digit of m(-5)?
1
Let h be 8/20*(1 + 29). Suppose -h = 4*s, 5*x = -0*s + 2*s + 16. Suppose t - x*t = -9. What is the units digit of t?
9
Let d be (-1 + 2)/((-1)/(-3)). Let u(f) = -f**3 - 9*f**2 - 8*f + 4. Let i be u(-8). Suppose -x + 9 = -i*k, d*k = -k. What is the units digit of x?
9
Suppose 2*j - 4*h = 12 - 2, 0 = -2*j - 5*h + 28. Let z be 2/((12/21)/2). Let l = j - z. What is the units digit of l?
2
Suppose s - 85 = -81. What is the units digit of s?
4
Suppose 2*h - k - 440 = 192, 1276 = 4*h + 4*k. What is the units digit of h?
7
Let c be -18*(2 + (-8)/3). Suppose 0 = -2*v + 3 + 5. Let g = c - v. What is the units digit of g?
8
Let i(o) = -21*o - 15*o - o**3 - 3 + 34*o. What is the units digit of i(-2)?
9
Let o = -5 + 10. Suppose -2*n = o*c - 17, 3 = -n + 5*c - 11. What is the units digit of (-3)/6*-14 - n?
6
Let z be (-2)/1 - -1 - -5. Let u = 5 + z. What is the units digit of u?
9
Let h(w) = -2*w - 6. Let c be h(-4). Suppose 0*n - 3*n + 127 = -5*z, -4*n = -2*z - 48. What is the tens digit of c/((-4)/z) + -1?
1
Let j = -22 + 48. What is the tens digit of j?
2
Let y be -1*(-2 - 1) + 1. Suppose -2*x + 7*x - 4*i + 2 = 0, -2*i = y. What is the units digit of (-3 - x)/(1/(-2))?
2
Suppose 0*r - 8 = -2*r. Suppose r*q - 15 = q. Suppose 3*f = -2*x + 26, 3*f = -2*x + q*f + 6. What is the units digit of x?
7
Suppose 4*w = 2*s - 6, 0*s = -s + 5*w - 6. Let z be s/2*(-2)/(-3). Suppose 0*c + 19 = l - c, -z*c = -4*l + 76. What is the units digit of l?
9
Let b be (-1)/(-4) - 30/(-8). Suppose 5*p = b*p + 12. What is the tens digit of p?
1
Let p(v) = v**2 + 13*v - 8. What is the hundreds digit of p(6)?
1
What is the hundreds digit of (-85)/(-4 - 1)*7?
1
Let m(z) = z**2 + 3*z + 6. What is the tens digit of m(-8)?
4
Suppose 2*u + 2*u - 32 = 0. Suppose 3*g + w = -u + 40, 2*w + 20 = g. What is the units digit of g?
2
Let q be 1 + (1 - 84) + 2. Let m = -56 - q. What is the units digit of m?
4
Let g be 3*1/(-1 + 2). Suppose -3*u - 14 - 7 = 5*t, 4*t + 22 = -5*u. Let p = u + g. What is the units digit of p?
1
Let f = 72 - -41. What is the hundreds digit of f?
1
What is the units digit of 3548/14 + (-24)/56?
3
Let l(w) = 3*w - 3. Let r be l(6). Suppose 5*n + 5*v - 5 - r = 0, 0 = 4*v. Suppose -n*t = -0*t - 72. What is the units digit of t?
8
Let d = -8 - -16. Let k = 10 - d. What is the units digit of k?
2
Let z(t) = t**3 - 20*t**2 - 15*t + 15. What is the units digit of z(21)?
1
Suppose 0 = -2*n + 5*v + 62, -7*n - 5*v + 154 = -3*n. What is the units digit of n?
6
Let s(q) = 5*q - 5. Let d = -11 - -15. What is the units digit of s(d)?
5
Suppose 13 = 5*d - 147. What is the units digit of d?
2
Suppose a = -3*n - 4*a - 2178, 5*n + 3*a + 3630 = 0. What is the units digit of n/(-24) - 6/(-8)?
1
Let m = -15 - -15. Suppose 3*y - 38 - 43 = m. What is the tens digit of y?
2
Let n(h) be the second derivative of h**5/5 + h**4/12 + h**3/6 - h**2/2 - 2*h. Let d be n(1). Let i(k) = k**2 - 6*k + 7. What is the units digit of i(d)?
2
Let c be 27/36 - 74/(-8). Suppose -z + 3*w = 2, 8*z - 3*z = 5*w + c. What is the units digit of z?
4
Let k be (-42)/12 - (-4)/8. Let m be ((-1)/(-1) - 3) + 4. What is the units digit of 2/(m/k) - -7?
4
Let f = -34 + 24. What is the units digit of f/(-1) - 6/(-2)?
3
Let c(t) = -16*t**2 - 2 + t**3 + 3*t + 7*t**2 - 10. What is the units digit of c(9)?
5
Let v = 11 + -7. Suppose 5*p - 2*m - 36 = 2*m, -v*p = 2*m - 8. Suppose -p*n + 2*s + 48 = -2*s, -12 = n + 5*s. What is the units digit of n?
8
Let c = -7 - -31. What is the units digit of c?
4
Let y(o) be the third derivative of o**6/120 + o**5/12 + o**4/6 + o**3/6 + 2*o**2. What is the units digit of y(-3)?
7
Let n(c) = c**3 - 5*c**2 + 6*c - 6. Let o be n(4). Suppose 7 = -o*q + 31. What is the tens digit of q?
1
Let a(l) = -l**3 - 8*l**2 - 5*l + 5. Let m be a(-7). Let j = m - -16. What is the units digit of j?
7
Let h = 16 + -19. Let m = h - -33. What is the units digit of m?
0
Let d(m) = m**3 + 5*m**2 + 4*m + 4. Let j be d(-4). Let t(i) = -i**2 + 7*i - 1. What is the units digit of t(j)?
1
Let k(w) = 2*w - 9. Let c(b) = 4*b - 19. Let f(d) = 4*c(d) - 7*k(d). Suppose -5*m = -2*g - 54, 2*m - 26 = -2*g + 5*g. What is the units digit of f(m)?
7
Let z(k) = -k + 7. What is the units digit of z(3)?
4
Suppose -2*b = 2*m - 3*b + 44, 2*m + b = -52. Let j = m - -13. Let a = -5 - j. What is the units digit of a?
6
Let o(k) = 7 + 10 + k**2 - k + 0*k. Let z be o(0). Suppose 2*q = -5 + z. What is the units digit of q?
6
Suppose 4*g = -16, 0 = f - 4*g - g - 43. What is the tens digit of f?
2
Let l = -6 - -9. Suppose -4*c + 61 = -11. Suppose h - c + l = 0. What is the tens digit of h?
1
Suppose -4*d = -4*z - 0*z - 12, -3*d - 23 = 5*z. Let u = d + 1. Suppose 0 = -w + 2 - u. What is the units digit of w?
2
Let u = -10 - -6. What is the tens digit of u/(-8)*-1*-34?
1
Let s(g) = -2*g**3 - 2*g**2 + 3*g + 3. Let j be s(-2). Suppose -a = a + 10, -2*a = 5*o - j. Let m = o + -1. What is the units digit of m?
2
Let v = 52 + 18. What is the tens digit of v?
7
Let o = 140 + -68. What is the units digit of o?
2
Suppose 2*c - 144 = -2*r - 0*c, 0 = -3*c - 3. What is the units digit of r?
3
Let u be 1/(3/3)*0. Suppose -4*r + 2*r = u. Suppose 2*o = -5*h + 15, r = 2*h + o + o. What is the units digit of h?
5
Let m(u) = -u**2 + 5*u + 5. Let p be m(7). Let x(n) = n**2 + 9*n + 3. Let z be x(p). Suppose -6*d + z*d = -36. What is the tens digit of d?
1
Let y(n) be the third derivative of -n**4/12 + n**3/3 - n**2. Let k(d) = 5*d - 4. Let z(f) = 3*k(f) + 5*y(f). What is the units digit of z(3)?
3
Suppose 0 = -3*h + 42 - 30. Suppose 4*b = -5*z + 18, h*b - 4*z = 34 + 2. What is the units digit of b?
7
Let j = -20 + 36. What is the units digit of j?
6
Let w(g) = 22*g - 5. What is the hundreds digit o